{"id":87,"date":"2023-04-03T20:56:11","date_gmt":"2023-04-03T18:56:11","guid":{"rendered":"https:\/\/iictirana.esteri.it\/lingua-e-cultura\/certificazioni\/"},"modified":"2023-09-19T14:38:50","modified_gmt":"2023-09-19T12:38:50","slug":"certificazioni","status":"publish","type":"page","link":"https:\/\/iictirana.esteri.it\/sq\/lingua-e-cultura\/certificazioni\/","title":{"rendered":"\u00c7ertifikimet"},"content":{"rendered":"<p>Instituti Italian i Kultur\u00ebs \u00ebsht\u00eb seli e provimeve t\u00eb certifikimit <strong>CELI<\/strong> n\u00eb marr\u00ebveshje me Universitetin p\u00ebr t\u00eb Huaj t\u00eb Perugia-s dhe <strong>CILS<\/strong> n\u00eb marr\u00ebveshje me Universitetin p\u00ebr t\u00eb Huaj t\u00eb Siena-s. T\u00eb dyja \u00e7ertifikatat jan\u00eb pjes\u00eb e Associazione CLIQ (Certifikimi i cil\u00ebsis\u00eb s\u00eb gjuh\u00ebs italiane) dhe njihen si nga Ministria e Jashtme e Italis\u00eb, ashtu edhe nga Ministria Shqiptare e Arsimit dhe Sportit.<\/p>\n<p style=\"vertical-align: baseline;\"><b><span style=\"font-size: 11.0pt; font-family: 'Calibri',sans-serif; color: #1f497d;\">\u00a0<\/span><\/b><\/p>\n<p style=\"vertical-align: baseline;\"><span style=\"font-size: 11.0pt; font-family: 'Calibri',sans-serif; color: #1f497d;\">\u00a0<\/span><\/p>\n","protected":false},"excerpt":{"rendered":"Instituti Italian i Kultur\u00ebs \u00ebsht\u00eb seli e provimeve t\u00eb certifikimit CELI n\u00eb marr\u00ebveshje me Universitetin p\u00ebr t\u00eb Huaj t\u00eb Perugia-s dhe CILS n\u00eb marr\u00ebveshje me Universitetin p\u00ebr t\u00eb Huaj t\u00eb Siena-s. T\u00eb dyja \u00e7ertifikatat jan\u00eb pjes\u00eb e Associazione CLIQ (Certifikimi i cil\u00ebsis\u00eb s\u00eb gjuh\u00ebs italiane) dhe njihen si nga Ministria e Jashtme e Italis\u00eb, ashtu [&hellip;]","protected":false},"author":1,"featured_media":0,"parent":84,"menu_order":4,"comment_status":"closed","ping_status":"closed","template":"","meta":{"footnotes":""},"class_list":["post-87","page","type-page","status-publish","hentry"],"_links":{"self":[{"href":"https:\/\/iictirana.esteri.it\/sq\/wp-json\/wp\/v2\/pages\/87","targetHints":{"allow":["GET"]}}],"collection":[{"href":"https:\/\/iictirana.esteri.it\/sq\/wp-json\/wp\/v2\/pages"}],"about":[{"href":"https:\/\/iictirana.esteri.it\/sq\/wp-json\/wp\/v2\/types\/page"}],"author":[{"embeddable":true,"href":"https:\/\/iictirana.esteri.it\/sq\/wp-json\/wp\/v2\/users\/1"}],"replies":[{"embeddable":true,"href":"https:\/\/iictirana.esteri.it\/sq\/wp-json\/wp\/v2\/comments?post=87"}],"version-history":[{"count":2,"href":"https:\/\/iictirana.esteri.it\/sq\/wp-json\/wp\/v2\/pages\/87\/revisions"}],"predecessor-version":[{"id":1795,"href":"https:\/\/iictirana.esteri.it\/sq\/wp-json\/wp\/v2\/pages\/87\/revisions\/1795"}],"up":[{"embeddable":true,"href":"https:\/\/iictirana.esteri.it\/sq\/wp-json\/wp\/v2\/pages\/84"}],"wp:attachment":[{"href":"https:\/\/iictirana.esteri.it\/sq\/wp-json\/wp\/v2\/media?parent=87"}],"curies":[{"name":"wp","href":"https:\/\/api.w.org\/{rel}","templated":true}]}}

Çertifikimet

<p>Instituti Italian i Kulturës është seli e provimeve të certifikimit <strong>CELI</strong> në marrëveshje me Universitetin për të Huaj të Perugia-s dhe <strong>CILS</strong> në marrëveshje me Universitetin për të Huaj të Siena-s. Të dyja çertifikatat janë pjesë e Associazione CLIQ (Certifikimi i cilësisë së gjuhës italiane) dhe njihen si nga Ministria e Jashtme e Italisë, ashtu edhe nga Ministria Shqiptare e Arsimit dhe Sportit.</p>
<p style="vertical-align: baseline;"><b><span style="font-size: 11.0pt; font-family: 'Calibri',sans-serif; color: #1f497d;"> </span></b></p>
<p style="vertical-align: baseline;"><span style="font-size: 11.0pt; font-family: 'Calibri',sans-serif; color: #1f497d;"> </span></p>

Instituti Italian i Kulturës është seli e provimeve të certifikimit CELI në marrëveshje me Universitetin për të Huaj të Perugia-s dhe CILS në marrëveshje me Universitetin për të Huaj të Siena-s. Të dyja çertifikatat janë pjesë e Associazione CLIQ (Certifikimi i cilësisë së gjuhës italiane) dhe njihen si nga Ministria e Jashtme e Italisë, ashtu [&hellip;]
